he remainder when 578 is divided by 91.
32
Calculate the remainder when 41735 is divided by 146.
125
Calculate the remainder when 80618 is divided by 5373.
23
Calculate the remainder when 3421 is divided by 1121.
58
Calculate the remainder when 5361 is divided by 98.
69
What is the remainder when 449661 is divided by 56206?
13
Calculate the remainder when 68307 is divided by 33.
30
What is the remainder when 170504 is divided by 1263?
1262
Calculate the remainder when 6027381 is divided by 204.
201
Calculate the remainder when 1337 is divided by 895.
442
What is the remainder when 1102 is divided by 417?
268
What is the remainder when 573 is divided by 149?
126
What is the remainder when 213473 is divided by 60?
53
What is the remainder when 75275 is divided by 37628?
19
Calculate the remainder when 16912 is divided by 338.
12
What is the remainder when 17258 is divided by 8536?
186
Calculate the remainder when 11303276 is divided by 13.
10
Calculate the remainder when 1920 is divided by 41.
34
Calculate the remainder when 6713 is divided by 6.
5
What is the remainder when 206450 is divided by 103210?
30
Calculate the remainder when 31280 is divided by 147.
116
What is the remainder when 2531 is divided by 801?
128
Calculate the remainder when 208275 is divided by 174.
171
What is the remainder when 27406 is divided by 1198?
1050
What is the remainder when 708 is divided by 191?
135
Calculate the remainder when 38334 is divided by 32.
30
Calculate the remainder when 1290 is divided by 649.
641
What is the remainder when 10452 is divided by 3460?
72
What is the remainder when 1319 is divided by 657?
5
What is the remainder when 72006 is divided by 2182?
0
What is the remainder when 2093181 is divided by 414?
411
What is the remainder when 634 is divided by 170?
124
What is the remainder when 529800 is divided by 387?
384
What is the remainder when 5784 is divided by 920?
264
Calculate the remainder when 15430 is divided by 812.
2
Calculate the remainder when 74245 is divided by 133.
31
Calculate the remainder when 31076 is divided by 27.
26
Calculate the remainder when 8689 is divided by 1688.
249
What is the remainder when 347163 is divided by 13?
11
Calculate the remainder when 6031 is divided by 177.
13
Calculate the remainder when 153842 is divided by 76918.
6
What is the remainder when 3460 is divided by 1707?
46
What is the remainder when 1130269 is divided by 13?
10
Calculate the remainder when 287017 is divided by 508.
505
What is the remainder when 79 is divided by 28?
23
What is the remainder when 194 is divided by 171?
23
Calculate the remainder when 1620745 is divided by 73.
72
Calculate the remainder when 1127490 is divided by 218.
212
Calculate the remainder when 5750 is divided by 1226.
846
Calculate the remainder when 20050 is divided by 64.
18
What is the remainder when 7934 is divided by 3637?
660
What is the remainder when 16755 is divided by 26?
11
What is the remainder when 892 is divided by 424?
44
What is the remainder when 17407 is divided by 136?
135
What is the remainder when 2378 is divided by 36?
2
Calculate the remainder when 4634959 is divided by 1012.
1011
Calculate the remainder when 1417 is divided by 45.
22
What is the remainder when 22744 is divided by 17?
15
What is the remainder when 3324 is divided by 45?
39
What is the remainder when 11503 is divided by 1671?
1477
What is the remainder when 131945 is divided by 43975?
20
Calculate the remainder when 2417 is divided by 507.
389
Calculate the remainder when 180742 is divided by 73.
67
Calculate the remainder when 328540 is divided by 786.
778
What is the remainder when 309519 is divided by 11463?
18
Calculate the remainder when 1235 is divided by 608.
19
What is the remainder when 255255 is divided by 42542?
3
Calculate the remainder when 7019 is divided by 119.
117
Calculate the remainder when 2419 is divided by 504.
403
Calculate the remainder when 11425 is divided by 225.
175
Calculate the remainder when 2632 is divided by 2504.
128
Calculate the remainder when 12365 is divided by 537.
14
Calculate the remainder when 106366 is divided by 32.
30
What is the remainder when 5233 is divided by 72?
49
What is the remainder when 4889 is divided by 547?
513
What is the remainder when 904 is divided by 237?
193
Calculate the remainder when 9849 is divided by 1774.
979
What is the remainder when 2057 is divided by 461?
213
Calculate the remainder when 516272 is divided by 191.
190
What is the remainder when 1359 is divided by 340?
339
Calculate the remainder when 183516 is divided by 32.
28
Calculate the remainder when 9368 is divided by 76.
20
What is the remainder when 7117 is divided by 3557?
3
Calculate the remainder when 237641 is divided by 5166.
5
What is the remainder when 57991 is divided by 88?
87
Calculate the remainder when 8219 is divided by 22.
13
Calculate the remainder when 162077 is divided by 2893.
69
What is the remainder when 71659 is divided by 629?
582
What is the remainder when 299 is divided by 282?
17
What is the remainder when 42948 is divided by 8588?
8
What is the remainder when 95125 is divided by 670?
655
What is the remainder when 2687 is divided by 1341?
5
What is the remainder when 7262 is divided by 3?
2
What is the remainder when 2869 is divided by 1421?
27
Calculate the remainder when 1755 is divided by 371.
271
Calculate the remainder when 6690 is divided by 1340.
1330
What is the remainder when 15656 is divided by 66?
14
Calculate the remainder when 5502 is divided by 1090.
52
Calculate the remainder when 1750 is divided by 295.
275
Calculate the remainder when 94874 is divided by 484.
10
Calculate the remainder when 2351 is divided by 164.
55
Calculate the remainder when 20172 is divided by 10080.
12
What is the remainder when 4217 is divided by 212?
189
What is the remainder when 662116 is divided by 961?
948
Calculate the remainder when 37019 is divided by 24.
11
What is the remainder when 6720 is divided by 114?
108
What is the remainder when 77653 is divided by 86?
81
Calculate the remainder when 2573 is divided by 436.
393
Calculate the remainder when 21434 is divided by 429.
413
What is the remainder when 1558 is divided by 40?
38
What is the remainder when 12714 is divided by 1533?
450
Calculate the remainder when 393851 is divided by 93.
89
Calculate the remainder when 34600 is divided by 153.
22
Calculate the remainder when 155340 is divided by 56.
52
Calculate the remainder when 6382 is divided by 1780.
1042
What is the remainder when 7705 is divided by 23?
0
Calculate the remainder when 114755 is divided by 53.
10
Calculate the remainder when 14442 is divided by 14380.
62
What is the remainder when 3423 is divided by 3281?
142
Calculate the remainder when 322041 is divided by 23002.
13
What is the remainder when 26989 is divided by 5373?
124
What is the remainder when 552 is divided by 162?
66
Calculate the remainder when 6238 is divided by 3113.
12
Calculate the remainder when 601 is divided by 93.
43
What is the remainder when 1001105 is divided by 709?
706
Calculate the remainder when 7182 is divided by 138.
6
What is the remainder when 17845 is divided by 282?
79
What is the remainder when 7033 is divided by 155?
58
What is the remainder when 233844 is divided by 2206?
8
Calculate the remainder when 913 is divided by 13.
3
Calculate the remainder when 1812 is divided by 124.
76
Calculate the remainder when 522042 is divided by 15.
12
What is the remainder when 38368 is divided by 44?
0
Calculate the remainder when 918191 is divided by 148.
147
Calculate the remainder when 31276 is divided by 2.
0
Calculate the remainder when 2193 is divided by 158.
139
Calculate the remainder when 424240 is divided by 29.
28
Calculate the remainder when 20202 is divided by 4953.
390
Calculate the remainder when 23656 is divided by 401.
398
Calculate the remainder when 3312958 is divided by 1088.
1086
What is the remainder when 80804 is divided by 41?
34
Calculate the remainder when 60334 is divided by 23.
5
Calculate the remainder when 126353 is divided by 1641.
1637
What is the remainder when 5072 is divided by 351?
158
What is the remainder when 3027713 is divided by 607?
604
Calculate the remainder when 1867 is divided 